{"id":7926,"date":"2023-09-03T10:07:16","date_gmt":"2023-09-03T10:07:16","guid":{"rendered":"https:\/\/export-demos.qreativethemes.com\/elementor-physio\/?page_id=7926"},"modified":"2026-04-16T14:36:54","modified_gmt":"2026-04-16T12:36:54","slug":"laszlo-urban","status":"publish","type":"page","link":"https:\/\/orthowerk-urban.de\/hu\/laszlo-urban\/","title":{"rendered":"R\u00f3lam"},"content":{"rendered":"<div data-elementor-type=\"wp-page\" data-elementor-id=\"7926\" class=\"elementor elementor-7926\">\n\t\t\t\t\t\t<section class=\"elementor-section elementor-top-section elementor-element elementor-element-1ee5d26 elementor-section-boxed elementor-section-height-default elementor-section-height-default\" data-id=\"1ee5d26\" data-element_type=\"section\" data-e-type=\"section\">\n\t\t\t\t\t\t<div class=\"elementor-container elementor-column-gap-default\">\n\t\t\t\t\t<div class=\"elementor-column elementor-col-66 elementor-top-column elementor-element elementor-element-82a1137\" data-id=\"82a1137\" data-element_type=\"column\" data-e-type=\"column\">\n\t\t\t<div class=\"elementor-widget-wrap elementor-element-populated\">\n\t\t\t\t\t\t<div class=\"elementor-element elementor-element-95408f3 elementor-widget elementor-widget-text-editor\" data-id=\"95408f3\" data-element_type=\"widget\" data-e-type=\"widget\" data-widget_type=\"text-editor.default\">\n\t\t\t\t<div class=\"elementor-widget-container\">\n\t\t\t\t\t\t\t\t\t<p style=\"font-weight: 400;\">J\u00f3 napot, Urb\u00e1n L\u00e1szl\u00f3 vagyok,<\/p><p style=\"font-weight: 400;\">2017 \u00f3ta dolgozom ortop\u00e9d cip\u00e9szk\u00e9nt Emmerich am Rheinben, \u00e9s nagy szenved\u00e9llyel v\u00e9gzem hivat\u00e1somat. A d\u00fcsseldorfi mesterk\u00e9pz\u00e9st, amelyet 2022-ben sikeresen befejeztem, k\u00f6vet\u0151en tov\u00e1bbi \u00e9rt\u00e9kes tapasztalatokat szereztem a sportortop\u00e9dia ter\u00fclet\u00e9n.<\/p><p style=\"font-weight: 400;\">Saj\u00e1t m\u0171helyemben egyedi megold\u00e1sokat k\u00e9sz\u00edtek a l\u00e1b k\u00f6r\u00e9 \u00e9p\u00fcl\u0151 ig\u00e9nyekhez. Az egyedileg k\u00e9sz\u00edtett talpbet\u00e9tekt\u0151l az ortop\u00e9diai \u00e1talak\u00edt\u00e1sokig \u00e9s jav\u00edt\u00e1sokig.<\/p><p style=\"font-weight: 400;\">K\u00fcl\u00f6n\u00f6sen fontos sz\u00e1momra a szem\u00e9lyes \u00e9s r\u00e9szletes tan\u00e1csad\u00e1s, hogy minden \u00fcgyf\u00e9l sz\u00e1m\u00e1ra a megfelel\u0151 megold\u00e1st tal\u00e1ljam meg.<\/p><p style=\"font-weight: 400;\">\u00d6r\u00f6mmel v\u00e1rom, hogy \u00d6nt is \u00fcdv\u00f6z\u00f6lhessem az Ortho.werkn\u00e9l. M\u0171helyemet az Emmerich am Rhein vas\u00fat\u00e1llom\u00e1son tal\u00e1lja.<\/p><p style=\"font-weight: 400;\"><strong>Ortop\u00e9d cip\u00e9szmestere<br \/>L\u00e1szl\u00f3 Urb\u00e1n<\/strong><\/p>\t\t\t\t\t\t\t\t<\/div>\n\t\t\t\t<\/div>\n\t\t\t\t\t<\/div>\n\t\t<\/div>\n\t\t\t\t<div class=\"elementor-column elementor-col-33 elementor-top-column elementor-element elementor-element-7513f7e\" data-id=\"7513f7e\" data-element_type=\"column\" data-e-type=\"column\">\n\t\t\t<div class=\"elementor-widget-wrap elementor-element-populated\">\n\t\t\t\t\t\t<div class=\"elementor-element elementor-element-e886d95 elementor-widget elementor-widget-image\" data-id=\"e886d95\" data-element_type=\"widget\" data-e-type=\"widget\" data-widget_type=\"image.default\">\n\t\t\t\t<div class=\"elementor-widget-container\">\n\t\t\t\t\t\t\t\t\t\t\t\t\t\t\t<img fetchpriority=\"high\" decoding=\"async\" width=\"1707\" height=\"2560\" src=\"https:\/\/orthowerk-urban.de\/wp-content\/uploads\/2026\/04\/laszlo_urban-scaled.jpg\" class=\"attachment-full size-full wp-image-9336\" alt=\"L\u00e1szl\u00f3 Urb\u00e1n\" srcset=\"https:\/\/orthowerk-urban.de\/wp-content\/uploads\/2026\/04\/laszlo_urban-scaled.jpg 1707w, https:\/\/orthowerk-urban.de\/wp-content\/uploads\/2026\/04\/laszlo_urban-200x300.jpg 200w, https:\/\/orthowerk-urban.de\/wp-content\/uploads\/2026\/04\/laszlo_urban-683x1024.jpg 683w, https:\/\/orthowerk-urban.de\/wp-content\/uploads\/2026\/04\/laszlo_urban-768x1152.jpg 768w, https:\/\/orthowerk-urban.de\/wp-content\/uploads\/2026\/04\/laszlo_urban-1024x1536.jpg 1024w, https:\/\/orthowerk-urban.de\/wp-content\/uploads\/2026\/04\/laszlo_urban-1365x2048.jpg 1365w, https:\/\/orthowerk-urban.de\/wp-content\/uploads\/2026\/04\/laszlo_urban-8x12.jpg 8w\" sizes=\"(max-width: 1707px) 100vw, 1707px\" \/>\t\t\t\t\t\t\t\t\t\t\t\t\t\t\t<\/div>\n\t\t\t\t<\/div>\n\t\t\t\t\t<\/div>\n\t\t<\/div>\n\t\t\t\t\t<\/div>\n\t\t<\/section>\n\t\t\t\t<\/div>","protected":false},"excerpt":{"rendered":"<p>Lernen Sie L\u00e1szl\u00f3 Urb\u00e1n kennen \u2013 orthop\u00e4discher Schuhmachermeister bei Ortho.Werk Urb\u00e1n in Emmerich am Rhein.<\/p>","protected":false},"author":1,"featured_media":0,"parent":0,"menu_order":0,"comment_status":"closed","ping_status":"closed","template":"","meta":{"_acf_changed":false,"footnotes":""},"class_list":["post-7926","page","type-page","status-publish","hentry"],"acf":[],"_links":{"self":[{"href":"https:\/\/orthowerk-urban.de\/hu\/wp-json\/wp\/v2\/pages\/7926","targetHints":{"allow":["GET"]}}],"collection":[{"href":"https:\/\/orthowerk-urban.de\/hu\/wp-json\/wp\/v2\/pages"}],"about":[{"href":"https:\/\/orthowerk-urban.de\/hu\/wp-json\/wp\/v2\/types\/page"}],"author":[{"embeddable":true,"href":"https:\/\/orthowerk-urban.de\/hu\/wp-json\/wp\/v2\/users\/1"}],"replies":[{"embeddable":true,"href":"https:\/\/orthowerk-urban.de\/hu\/wp-json\/wp\/v2\/comments?post=7926"}],"version-history":[{"count":33,"href":"https:\/\/orthowerk-urban.de\/hu\/wp-json\/wp\/v2\/pages\/7926\/revisions"}],"predecessor-version":[{"id":9342,"href":"https:\/\/orthowerk-urban.de\/hu\/wp-json\/wp\/v2\/pages\/7926\/revisions\/9342"}],"wp:attachment":[{"href":"https:\/\/orthowerk-urban.de\/hu\/wp-json\/wp\/v2\/media?parent=7926"}],"curies":[{"name":"wp","href":"https:\/\/api.w.org\/{rel}","templated":true}]}}

Rólam

<div data-elementor-type="wp-page" data-elementor-id="7926" class="elementor elementor-7926">
						<section class="elementor-section elementor-top-section elementor-element elementor-element-1ee5d26 elementor-section-boxed elementor-section-height-default elementor-section-height-default" data-id="1ee5d26" data-element_type="section" data-e-type="section">
						<div class="elementor-container elementor-column-gap-default">
					<div class="elementor-column elementor-col-66 elementor-top-column elementor-element elementor-element-82a1137" data-id="82a1137" data-element_type="column" data-e-type="column">
			<div class="elementor-widget-wrap elementor-element-populated">
						<div class="elementor-element elementor-element-95408f3 elementor-widget elementor-widget-text-editor" data-id="95408f3" data-element_type="widget" data-e-type="widget" data-widget_type="text-editor.default">
				<div class="elementor-widget-container">
									<p style="font-weight: 400;">Jó napot, Urbán László vagyok,</p><p style="font-weight: 400;">2017 óta dolgozom ortopéd cipészként Emmerich am Rheinben, és nagy szenvedéllyel végzem hivatásomat. A düsseldorfi mesterképzést, amelyet 2022-ben sikeresen befejeztem, követően további értékes tapasztalatokat szereztem a sportortopédia területén.</p><p style="font-weight: 400;">Saját műhelyemben egyedi megoldásokat készítek a láb köré épülő igényekhez. Az egyedileg készített talpbetétektől az ortopédiai átalakításokig és javításokig.</p><p style="font-weight: 400;">Különösen fontos számomra a személyes és részletes tanácsadás, hogy minden ügyfél számára a megfelelő megoldást találjam meg.</p><p style="font-weight: 400;">Örömmel várom, hogy Önt is üdvözölhessem az Ortho.werknél. Műhelyemet az Emmerich am Rhein vasútállomáson találja.</p><p style="font-weight: 400;"><strong>Ortopéd cipészmestere<br />László Urbán</strong></p>								</div>
				</div>
					</div>
		</div>
				<div class="elementor-column elementor-col-33 elementor-top-column elementor-element elementor-element-7513f7e" data-id="7513f7e" data-element_type="column" data-e-type="column">
			<div class="elementor-widget-wrap elementor-element-populated">
						<div class="elementor-element elementor-element-e886d95 elementor-widget elementor-widget-image" data-id="e886d95" data-element_type="widget" data-e-type="widget" data-widget_type="image.default">
				<div class="elementor-widget-container">
															<img fetchpriority="high" decoding="async" width="1707" height="2560" src="https://orthowerk-urban.de/wp-content/uploads/2026/04/laszlo_urban-scaled.jpg" class="attachment-full size-full wp-image-9336" alt="László Urbán" srcset="https://orthowerk-urban.de/wp-content/uploads/2026/04/laszlo_urban-scaled.jpg 1707w, https://orthowerk-urban.de/wp-content/uploads/2026/04/laszlo_urban-200x300.jpg 200w, https://orthowerk-urban.de/wp-content/uploads/2026/04/laszlo_urban-683x1024.jpg 683w, https://orthowerk-urban.de/wp-content/uploads/2026/04/laszlo_urban-768x1152.jpg 768w, https://orthowerk-urban.de/wp-content/uploads/2026/04/laszlo_urban-1024x1536.jpg 1024w, https://orthowerk-urban.de/wp-content/uploads/2026/04/laszlo_urban-1365x2048.jpg 1365w, https://orthowerk-urban.de/wp-content/uploads/2026/04/laszlo_urban-8x12.jpg 8w" sizes="(max-width: 1707px) 100vw, 1707px" />															</div>
				</div>
					</div>
		</div>
					</div>
		</section>
				</div>

<p>Lernen Sie László Urbán kennen – orthopädischer Schuhmachermeister bei Ortho.Werk Urbán in Emmerich am Rhein.</p>
