{"id":7975,"date":"2023-09-03T15:21:12","date_gmt":"2023-09-03T15:21:12","guid":{"rendered":"https:\/\/export-demos.qreativethemes.com\/elementor-physio\/?page_id=7975"},"modified":"2025-01-29T13:00:09","modified_gmt":"2025-01-29T12:00:09","slug":"faq-page","status":"publish","type":"page","link":"https:\/\/orthowerk-urban.de\/hu\/faq-page\/","title":{"rendered":"FAQ"},"content":{"rendered":"<div data-elementor-type=\"wp-page\" data-elementor-id=\"7975\" class=\"elementor elementor-7975\">\n\t\t\t\t\t\t<section class=\"elementor-section elementor-top-section elementor-element elementor-element-b5e3f32 elementor-section-boxed elementor-section-height-default elementor-section-height-default\" data-id=\"b5e3f32\" data-element_type=\"section\" data-e-type=\"section\">\n\t\t\t\t\t\t<div class=\"elementor-container elementor-column-gap-extended\">\n\t\t\t\t\t<div class=\"elementor-column elementor-col-33 elementor-top-column elementor-element elementor-element-be1a3ab\" data-id=\"be1a3ab\" data-element_type=\"column\" data-e-type=\"column\">\n\t\t\t<div class=\"elementor-widget-wrap elementor-element-populated\">\n\t\t\t\t\t\t<div class=\"elementor-element elementor-element-d961cd8 elementor-widget elementor-widget-text-editor\" data-id=\"d961cd8\" data-element_type=\"widget\" data-e-type=\"widget\" data-widget_type=\"text-editor.default\">\n\t\t\t\t<div class=\"elementor-widget-container\">\n\t\t\t\t\t\t\t\t\t<h4><strong>Csak receptre kaphatok talpbet\u00e9tet?\u00a0\u00a0\u00a0\u00a0\u00a0\u00a0\u00a0\u00a0\u00a0\u00a0\u00a0\u00a0\u00a0\u00a0\u00a0\u00a0\u00a0\u00a0\u00a0\u00a0\u00a0\u00a0\u00a0\u00a0\u00a0\u00a0\u00a0\u00a0\u00a0\u00a0\u00a0\u00a0\u00a0\u00a0\u00a0\u00a0\u00a0\u00a0\u00a0\u00a0\u00a0\u00a0\u00a0\u00a0\u00a0\u00a0 <\/strong><\/h4><p>Nein, Sie k\u00f6nnen zwei Paar orthop\u00e4dische Einlagen pro Jahr auf Rezept von Ihrem Orthop\u00e4den oder Hausarzt erhalten. Daneben k\u00f6nnen Sie auch selbst bezahlen.<\/p>\t\t\t\t\t\t\t\t<\/div>\n\t\t\t\t<\/div>\n\t\t\t\t\t<\/div>\n\t\t<\/div>\n\t\t\t\t<div class=\"elementor-column elementor-col-33 elementor-top-column elementor-element elementor-element-27d0ce5\" data-id=\"27d0ce5\" data-element_type=\"column\" data-e-type=\"column\">\n\t\t\t<div class=\"elementor-widget-wrap elementor-element-populated\">\n\t\t\t\t\t\t<div class=\"elementor-element elementor-element-85f23e5 elementor-widget elementor-widget-text-editor\" data-id=\"85f23e5\" data-element_type=\"widget\" data-e-type=\"widget\" data-widget_type=\"text-editor.default\">\n\t\t\t\t<div class=\"elementor-widget-container\">\n\t\t\t\t\t\t\t\t\t<h4><strong>Wer braucht orthop\u00e4dische Einlagen?<\/strong><\/h4><p>Az ortop\u00e9diai talpbet\u00e9tekre a l\u00e1bprobl\u00e9m\u00e1kkal k\u00fczd\u0151 vagy speci\u00e1lis ortop\u00e9diai ig\u00e9nyekkel rendelkez\u0151 emberekn\u00e9l van sz\u00fcks\u00e9g. Ezek k\u00f6z\u00e9 tartozhatnak a bizonyos l\u00e1bdeformit\u00e1sokban, l\u00e1bfej- vagy l\u00e1bsz\u00e1rhib\u00e1kban, \u00edz\u00fcleti gyullad\u00e1sban, cukorbetegs\u00e9gben vagy m\u00e1s, a l\u00e1b eg\u00e9szs\u00e9g\u00e9t befoly\u00e1sol\u00f3 eg\u00e9szs\u00e9g\u00fcgyi probl\u00e9m\u00e1kban szenved\u0151k.<\/p>\t\t\t\t\t\t\t\t<\/div>\n\t\t\t\t<\/div>\n\t\t\t\t\t<\/div>\n\t\t<\/div>\n\t\t\t\t<div class=\"elementor-column elementor-col-33 elementor-top-column elementor-element elementor-element-39b7fd4\" data-id=\"39b7fd4\" data-element_type=\"column\" data-e-type=\"column\">\n\t\t\t<div class=\"elementor-widget-wrap elementor-element-populated\">\n\t\t\t\t\t\t<div class=\"elementor-element elementor-element-a6f7158 elementor-widget elementor-widget-text-editor\" data-id=\"a6f7158\" data-element_type=\"widget\" data-e-type=\"widget\" data-widget_type=\"text-editor.default\">\n\t\t\t\t<div class=\"elementor-widget-container\">\n\t\t\t\t\t\t\t\t\t<h4><strong>Meddig \u00e9rv\u00e9nyes a recept?<\/strong><\/h4><p>A t\u00f6rv\u00e9nyes eg\u00e9szs\u00e9gbiztos\u00edt\u00e1ssal rendelkez\u0151 betegek 28 napig \u00e9rv\u00e9nyes r\u00f3zsasz\u00edn receptet kapnak orvosukt\u00f3l.<\/p>\t\t\t\t\t\t\t\t<\/div>\n\t\t\t\t<\/div>\n\t\t\t\t\t<\/div>\n\t\t<\/div>\n\t\t\t\t\t<\/div>\n\t\t<\/section>\n\t\t\t\t<section class=\"elementor-section elementor-top-section elementor-element elementor-element-40959f9 elementor-section-boxed elementor-section-height-default elementor-section-height-default\" data-id=\"40959f9\" data-element_type=\"section\" data-e-type=\"section\">\n\t\t\t\t\t\t<div class=\"elementor-container elementor-column-gap-extended\">\n\t\t\t\t\t<div class=\"elementor-column elementor-col-33 elementor-top-column elementor-element elementor-element-1fa18a9\" data-id=\"1fa18a9\" data-element_type=\"column\" data-e-type=\"column\">\n\t\t\t<div class=\"elementor-widget-wrap elementor-element-populated\">\n\t\t\t\t\t\t<div class=\"elementor-element elementor-element-9e27458 elementor-widget elementor-widget-text-editor\" data-id=\"9e27458\" data-element_type=\"widget\" data-e-type=\"widget\" data-widget_type=\"text-editor.default\">\n\t\t\t\t<div class=\"elementor-widget-container\">\n\t\t\t\t\t\t\t\t\t<h4><strong>Minden cip\u0151be belef\u00e9r a talpbet\u00e9tem?<\/strong><\/h4><p>A szem\u00e9lyre szabott talpbet\u00e9tek \u00e1ltal\u00e1ban sok, de nem minden cip\u0151h\u00f6z illenek. A k\u00fcl\u00f6n\u00f6sen keskeny, alacsony cip\u0151kh\u00f6z vagy p\u00e9ld\u00e1ul a pump\u00e1khoz elt\u00e9r\u0151 illeszked\u00e9sre van sz\u00fcks\u00e9g.<\/p>\t\t\t\t\t\t\t\t<\/div>\n\t\t\t\t<\/div>\n\t\t\t\t\t<\/div>\n\t\t<\/div>\n\t\t\t\t<div class=\"elementor-column elementor-col-33 elementor-top-column elementor-element elementor-element-b519c06\" data-id=\"b519c06\" data-element_type=\"column\" data-e-type=\"column\">\n\t\t\t<div class=\"elementor-widget-wrap elementor-element-populated\">\n\t\t\t\t\t\t<div class=\"elementor-element elementor-element-60d74e9 elementor-widget elementor-widget-text-editor\" data-id=\"60d74e9\" data-element_type=\"widget\" data-e-type=\"widget\" data-widget_type=\"text-editor.default\">\n\t\t\t\t<div class=\"elementor-widget-container\">\n\t\t\t\t\t\t\t\t\t<h4><strong>Mennyi ideig tart a talpbet\u00e9t?<\/strong><\/h4><p>A talpbet\u00e9teket hathavonta kell cser\u00e9lni. Ezut\u00e1n az id\u0151 ut\u00e1n az orvosi hat\u00e9konys\u00e1g cs\u00f6kken. A talpbet\u00e9tek ekkor m\u00e1r nem ny\u00fajtanak teljes al\u00e1t\u00e1maszt\u00e1st \u00e9s p\u00e1rn\u00e1z\u00e1st. Ha 2 p\u00e1r talpbet\u00e9tet felv\u00e1ltva visel, akkor term\u00e9szetesen tov\u00e1bb tart.<\/p>\t\t\t\t\t\t\t\t<\/div>\n\t\t\t\t<\/div>\n\t\t\t\t\t<\/div>\n\t\t<\/div>\n\t\t\t\t<div class=\"elementor-column elementor-col-33 elementor-top-column elementor-element elementor-element-a2b6dce\" data-id=\"a2b6dce\" data-element_type=\"column\" data-e-type=\"column\">\n\t\t\t<div class=\"elementor-widget-wrap elementor-element-populated\">\n\t\t\t\t\t\t<div class=\"elementor-element elementor-element-8203d68 elementor-widget elementor-widget-text-editor\" data-id=\"8203d68\" data-element_type=\"widget\" data-e-type=\"widget\" data-widget_type=\"text-editor.default\">\n\t\t\t\t<div class=\"elementor-widget-container\">\n\t\t\t\t\t\t\t\t\t<h4><strong>Vannak k\u00fcl\u00f6nb\u00f6z\u0151 bet\u00e9tek?<\/strong><\/h4><p>Igen, l\u00e9teznek. A k\u00fcl\u00f6nb\u00f6z\u0151 betegs\u00e9gek, l\u00e1bdeformit\u00e1sok \u00e9s ig\u00e9nyek k\u00fcl\u00f6nb\u00f6z\u0151 anyagokat \u00e9s szerkezeteket ig\u00e9nyelnek a szem\u00e9lyre szabott talpbet\u00e9tek gy\u00e1rt\u00e1sakor. \u00a0\u00a0<\/p>\t\t\t\t\t\t\t\t<\/div>\n\t\t\t\t<\/div>\n\t\t\t\t\t<\/div>\n\t\t<\/div>\n\t\t\t\t\t<\/div>\n\t\t<\/section>\n\t\t\t\t<section class=\"elementor-section elementor-top-section elementor-element elementor-element-c5ba218 elementor-section-boxed elementor-section-height-default elementor-section-height-default\" data-id=\"c5ba218\" data-element_type=\"section\" data-e-type=\"section\">\n\t\t\t\t\t\t<div class=\"elementor-container elementor-column-gap-extended\">\n\t\t\t\t\t<div class=\"elementor-column elementor-col-33 elementor-top-column elementor-element elementor-element-595378b\" data-id=\"595378b\" data-element_type=\"column\" data-e-type=\"column\">\n\t\t\t<div class=\"elementor-widget-wrap elementor-element-populated\">\n\t\t\t\t\t\t<div class=\"elementor-element elementor-element-455e368 elementor-widget elementor-widget-text-editor\" data-id=\"455e368\" data-element_type=\"widget\" data-e-type=\"widget\" data-widget_type=\"text-editor.default\">\n\t\t\t\t<div class=\"elementor-widget-container\">\n\t\t\t\t\t\t\t\t\t<h4><strong>Van ismerked\u00e9si szakasz?<\/strong><\/h4><p>A legt\u00f6bb p\u00e1ciensnek az els\u0151 felszerel\u00e9skor n\u00e9h\u00e1ny napra van sz\u00fcks\u00e9ge, hogy hozz\u00e1szokjon a talpbet\u00e9thez. Ez k\u00fcl\u00f6n\u00f6sen igaz a korrekci\u00f3s ort\u00e9zisekre.<\/p>\t\t\t\t\t\t\t\t<\/div>\n\t\t\t\t<\/div>\n\t\t\t\t\t<\/div>\n\t\t<\/div>\n\t\t\t\t<div class=\"elementor-column elementor-col-33 elementor-top-column elementor-element elementor-element-307528b\" data-id=\"307528b\" data-element_type=\"column\" data-e-type=\"column\">\n\t\t\t<div class=\"elementor-widget-wrap elementor-element-populated\">\n\t\t\t\t\t\t<div class=\"elementor-element elementor-element-e12eaa5 elementor-widget elementor-widget-text-editor\" data-id=\"e12eaa5\" data-element_type=\"widget\" data-e-type=\"widget\" data-widget_type=\"text-editor.default\">\n\t\t\t\t<div class=\"elementor-widget-container\">\n\t\t\t\t\t\t\t\t\t<h4><strong>Az utcai cip\u0151 vagy sportcip\u0151 ortop\u00e9diai talpbet\u00e9tje elhelyezhet\u0151-e munkav\u00e9delmi cip\u0151ben is?<\/strong><\/h4><p>Nem. Az utcai cip\u0151k vagy sportcip\u0151k talpbet\u00e9tei nem felelnek meg a munkav\u00e9delmi k\u00f6vetelm\u00e9nyeknek.<\/p><p>A munkav\u00e9delmi cip\u0151k talpbet\u00e9tj\u00e9t nem fedezi az eg\u00e9szs\u00e9gbiztos\u00edt\u00e1s. A munkav\u00e9delmi cip\u0151k talpbet\u00e9tj\u00e9t a DRV k\u00e9relemre, igazolt sz\u00fcks\u00e9g eset\u00e9n fedezi.<\/p><p>A G4220-16 sz\u00e1m\u00fa k\u00e9relmet a DRV-hez kell beny\u00fajtani a v\u00e9ny m\u00e1solat\u00e1val egy\u00fctt (k\u00e9k vagy z\u00f6ld v\u00e9ny).<\/p><p>A G4220-16 sz\u00e1m\u00fa k\u00e9relmet a DR-hez kell beny\u00fajtani a recept m\u00e1solat\u00e1val egy\u00fctt (k\u00e9k vagy z\u00f6ld recept) A k\u00f6lts\u00e9geket a munk\u00e1ltat\u00f3 is fedezheti. Erre nincs k\u00f6telezetts\u00e9g. A biztons\u00e1gi l\u00e1bbelik beszerz\u00e9sekor \u00fcgyeljen a DGUV 112-191 szabv\u00e1nyra, k\u00fcl\u00f6nben baleset eset\u00e9n gondok lesznek a munk\u00e1ltat\u00f3i felel\u0151ss\u00e9gbiztos\u00edt\u00e1si sz\u00f6vets\u00e9ggel.<\/p>\t\t\t\t\t\t\t\t<\/div>\n\t\t\t\t<\/div>\n\t\t\t\t\t<\/div>\n\t\t<\/div>\n\t\t\t\t<div class=\"elementor-column elementor-col-33 elementor-top-column elementor-element elementor-element-8ce237f\" data-id=\"8ce237f\" data-element_type=\"column\" data-e-type=\"column\">\n\t\t\t<div class=\"elementor-widget-wrap\">\n\t\t\t\t\t\t\t<\/div>\n\t\t<\/div>\n\t\t\t\t\t<\/div>\n\t\t<\/section>\n\t\t\t\t<\/div>","protected":false},"excerpt":{"rendered":"<p>Finden Sie Antworten auf h\u00e4ufig gestellte Fragen zu unseren orthop\u00e4dischen Leistungen bei Ortho.Werk Urb\u00e1n in Emmerich am Rhein.<\/p>","protected":false},"author":1,"featured_media":0,"parent":0,"menu_order":0,"comment_status":"closed","ping_status":"closed","template":"","meta":{"_acf_changed":false,"footnotes":""},"class_list":["post-7975","page","type-page","status-publish","hentry"],"acf":[],"_links":{"self":[{"href":"https:\/\/orthowerk-urban.de\/hu\/wp-json\/wp\/v2\/pages\/7975","targetHints":{"allow":["GET"]}}],"collection":[{"href":"https:\/\/orthowerk-urban.de\/hu\/wp-json\/wp\/v2\/pages"}],"about":[{"href":"https:\/\/orthowerk-urban.de\/hu\/wp-json\/wp\/v2\/types\/page"}],"author":[{"embeddable":true,"href":"https:\/\/orthowerk-urban.de\/hu\/wp-json\/wp\/v2\/users\/1"}],"replies":[{"embeddable":true,"href":"https:\/\/orthowerk-urban.de\/hu\/wp-json\/wp\/v2\/comments?post=7975"}],"version-history":[{"count":16,"href":"https:\/\/orthowerk-urban.de\/hu\/wp-json\/wp\/v2\/pages\/7975\/revisions"}],"predecessor-version":[{"id":9220,"href":"https:\/\/orthowerk-urban.de\/hu\/wp-json\/wp\/v2\/pages\/7975\/revisions\/9220"}],"wp:attachment":[{"href":"https:\/\/orthowerk-urban.de\/hu\/wp-json\/wp\/v2\/media?parent=7975"}],"curies":[{"name":"wp","href":"https:\/\/api.w.org\/{rel}","templated":true}]}}

<div data-elementor-type="wp-page" data-elementor-id="7975" class="elementor elementor-7975">
						<section class="elementor-section elementor-top-section elementor-element elementor-element-b5e3f32 elementor-section-boxed elementor-section-height-default elementor-section-height-default" data-id="b5e3f32" data-element_type="section" data-e-type="section">
						<div class="elementor-container elementor-column-gap-extended">
					<div class="elementor-column elementor-col-33 elementor-top-column elementor-element elementor-element-be1a3ab" data-id="be1a3ab" data-element_type="column" data-e-type="column">
			<div class="elementor-widget-wrap elementor-element-populated">
						<div class="elementor-element elementor-element-d961cd8 elementor-widget elementor-widget-text-editor" data-id="d961cd8" data-element_type="widget" data-e-type="widget" data-widget_type="text-editor.default">
				<div class="elementor-widget-container">
									<h4><strong>Csak receptre kaphatok talpbetétet?                                               </strong></h4><p>Nein, Sie können zwei Paar orthopädische Einlagen pro Jahr auf Rezept von Ihrem Orthopäden oder Hausarzt erhalten. Daneben können Sie auch selbst bezahlen.</p>								</div>
				</div>
					</div>
		</div>
				<div class="elementor-column elementor-col-33 elementor-top-column elementor-element elementor-element-27d0ce5" data-id="27d0ce5" data-element_type="column" data-e-type="column">
			<div class="elementor-widget-wrap elementor-element-populated">
						<div class="elementor-element elementor-element-85f23e5 elementor-widget elementor-widget-text-editor" data-id="85f23e5" data-element_type="widget" data-e-type="widget" data-widget_type="text-editor.default">
				<div class="elementor-widget-container">
									<h4><strong>Wer braucht orthopädische Einlagen?</strong></h4><p>Az ortopédiai talpbetétekre a lábproblémákkal küzdő vagy speciális ortopédiai igényekkel rendelkező embereknél van szükség. Ezek közé tartozhatnak a bizonyos lábdeformitásokban, lábfej- vagy lábszárhibákban, ízületi gyulladásban, cukorbetegségben vagy más, a láb egészségét befolyásoló egészségügyi problémákban szenvedők.</p>								</div>
				</div>
					</div>
		</div>
				<div class="elementor-column elementor-col-33 elementor-top-column elementor-element elementor-element-39b7fd4" data-id="39b7fd4" data-element_type="column" data-e-type="column">
			<div class="elementor-widget-wrap elementor-element-populated">
						<div class="elementor-element elementor-element-a6f7158 elementor-widget elementor-widget-text-editor" data-id="a6f7158" data-element_type="widget" data-e-type="widget" data-widget_type="text-editor.default">
				<div class="elementor-widget-container">
									<h4><strong>Meddig érvényes a recept?</strong></h4><p>A törvényes egészségbiztosítással rendelkező betegek 28 napig érvényes rózsaszín receptet kapnak orvosuktól.</p>								</div>
				</div>
					</div>
		</div>
					</div>
		</section>
				<section class="elementor-section elementor-top-section elementor-element elementor-element-40959f9 elementor-section-boxed elementor-section-height-default elementor-section-height-default" data-id="40959f9" data-element_type="section" data-e-type="section">
						<div class="elementor-container elementor-column-gap-extended">
					<div class="elementor-column elementor-col-33 elementor-top-column elementor-element elementor-element-1fa18a9" data-id="1fa18a9" data-element_type="column" data-e-type="column">
			<div class="elementor-widget-wrap elementor-element-populated">
						<div class="elementor-element elementor-element-9e27458 elementor-widget elementor-widget-text-editor" data-id="9e27458" data-element_type="widget" data-e-type="widget" data-widget_type="text-editor.default">
				<div class="elementor-widget-container">
									<h4><strong>Minden cipőbe belefér a talpbetétem?</strong></h4><p>A személyre szabott talpbetétek általában sok, de nem minden cipőhöz illenek. A különösen keskeny, alacsony cipőkhöz vagy például a pumpákhoz eltérő illeszkedésre van szükség.</p>								</div>
				</div>
					</div>
		</div>
				<div class="elementor-column elementor-col-33 elementor-top-column elementor-element elementor-element-b519c06" data-id="b519c06" data-element_type="column" data-e-type="column">
			<div class="elementor-widget-wrap elementor-element-populated">
						<div class="elementor-element elementor-element-60d74e9 elementor-widget elementor-widget-text-editor" data-id="60d74e9" data-element_type="widget" data-e-type="widget" data-widget_type="text-editor.default">
				<div class="elementor-widget-container">
									<h4><strong>Mennyi ideig tart a talpbetét?</strong></h4><p>A talpbetéteket hathavonta kell cserélni. Ezután az idő után az orvosi hatékonyság csökken. A talpbetétek ekkor már nem nyújtanak teljes alátámasztást és párnázást. Ha 2 pár talpbetétet felváltva visel, akkor természetesen tovább tart.</p>								</div>
				</div>
					</div>
		</div>
				<div class="elementor-column elementor-col-33 elementor-top-column elementor-element elementor-element-a2b6dce" data-id="a2b6dce" data-element_type="column" data-e-type="column">
			<div class="elementor-widget-wrap elementor-element-populated">
						<div class="elementor-element elementor-element-8203d68 elementor-widget elementor-widget-text-editor" data-id="8203d68" data-element_type="widget" data-e-type="widget" data-widget_type="text-editor.default">
				<div class="elementor-widget-container">
									<h4><strong>Vannak különböző betétek?</strong></h4><p>Igen, léteznek. A különböző betegségek, lábdeformitások és igények különböző anyagokat és szerkezeteket igényelnek a személyre szabott talpbetétek gyártásakor.   </p>								</div>
				</div>
					</div>
		</div>
					</div>
		</section>
				<section class="elementor-section elementor-top-section elementor-element elementor-element-c5ba218 elementor-section-boxed elementor-section-height-default elementor-section-height-default" data-id="c5ba218" data-element_type="section" data-e-type="section">
						<div class="elementor-container elementor-column-gap-extended">
					<div class="elementor-column elementor-col-33 elementor-top-column elementor-element elementor-element-595378b" data-id="595378b" data-element_type="column" data-e-type="column">
			<div class="elementor-widget-wrap elementor-element-populated">
						<div class="elementor-element elementor-element-455e368 elementor-widget elementor-widget-text-editor" data-id="455e368" data-element_type="widget" data-e-type="widget" data-widget_type="text-editor.default">
				<div class="elementor-widget-container">
									<h4><strong>Van ismerkedési szakasz?</strong></h4><p>A legtöbb páciensnek az első felszereléskor néhány napra van szüksége, hogy hozzászokjon a talpbetéthez. Ez különösen igaz a korrekciós ortézisekre.</p>								</div>
				</div>
					</div>
		</div>
				<div class="elementor-column elementor-col-33 elementor-top-column elementor-element elementor-element-307528b" data-id="307528b" data-element_type="column" data-e-type="column">
			<div class="elementor-widget-wrap elementor-element-populated">
						<div class="elementor-element elementor-element-e12eaa5 elementor-widget elementor-widget-text-editor" data-id="e12eaa5" data-element_type="widget" data-e-type="widget" data-widget_type="text-editor.default">
				<div class="elementor-widget-container">
									<h4><strong>Az utcai cipő vagy sportcipő ortopédiai talpbetétje elhelyezhető-e munkavédelmi cipőben is?</strong></h4><p>Nem. Az utcai cipők vagy sportcipők talpbetétei nem felelnek meg a munkavédelmi követelményeknek.</p><p>A munkavédelmi cipők talpbetétjét nem fedezi az egészségbiztosítás. A munkavédelmi cipők talpbetétjét a DRV kérelemre, igazolt szükség esetén fedezi.</p><p>A G4220-16 számú kérelmet a DRV-hez kell benyújtani a vény másolatával együtt (kék vagy zöld vény).</p><p>A G4220-16 számú kérelmet a DR-hez kell benyújtani a recept másolatával együtt (kék vagy zöld recept) A költségeket a munkáltató is fedezheti. Erre nincs kötelezettség. A biztonsági lábbelik beszerzésekor ügyeljen a DGUV 112-191 szabványra, különben baleset esetén gondok lesznek a munkáltatói felelősségbiztosítási szövetséggel.</p>								</div>
				</div>
					</div>
		</div>
				<div class="elementor-column elementor-col-33 elementor-top-column elementor-element elementor-element-8ce237f" data-id="8ce237f" data-element_type="column" data-e-type="column">
			<div class="elementor-widget-wrap">
							</div>
		</div>
					</div>
		</section>
				</div>

<p>Finden Sie Antworten auf häufig gestellte Fragen zu unseren orthopädischen Leistungen bei Ortho.Werk Urbán in Emmerich am Rhein.</p>
